 + (38 - (3 - -23))?
-9
What is (9 - 1) + (33 - 68) - -9?
-18
7 + 4 + (8 - (34 + -6 + 3))
-12
(29 + -25 - -13) + -26
-9
Evaluate -10 + (17 + -12 - 35).
-40
What is the value of -6 + 9 + -18 - -11?
-4
Evaluate (8 - (9 - -14) - -15) + (-13 - -1).
-12
-24 - (-38 + 18 + -7)
3
Calculate -2 - -11 - 2 - (3 - -13).
-9
Evaluate (4 - 0) + 5 + 8 + -30 + 8.
-5
What is the value of 31 - (30 + -14) - 4?
11
Evaluate (1 - -3 - -1) + (11 - (27 + -14)).
3
What is the value of (-16 - -8 - 4) + -11 + 30?
7
What is the value of -6 + ((4 - -7) + -5 - 5) - -5?
0
What is the value of 1 + -1 + 185 + -181?
4
Evaluate (-4 + -1 - -4 - -4) + (-22 - -9).
-10
What is the value of 1 + 5 + (10 - (-28 - 6)) + -22?
28
Calculate -49 - -41 - (13 + -1 - (3 + 0)).
-17
Calculate -9 + 0 + 10 + (7 - 3) + -5.
0
Calculate (-54 - -42) + 4 - -26.
18
-21 + (1 - -5) + 3 + 6 + -8
-14
(2 - 16) + -233 + 241
-6
What is the value of 1 + -12 + (1 - -2)?
-8
-8 + 17 + -9 + 1
1
Evaluate (-11 - (4 + -33)) + -2 + -6.
10
Evaluate 21 + 5 - (10 + -13 + 3 + 6).
20
Calculate 48 + -39 + -1 - (1 + 26 - -2).
-21
What is 93 + -85 - (1 + (-2 - -1))?
8
What is the value of 3 + (3 - 14) + (-105 - -115)?
2
(-2 - (13 + (-9 - 1))) + (16 - -5)
16
What is (1 - (-14 - -7) - 7) + -9?
-8
(-4 - (-1 - -4)) + (-27 - -9)
-25
What is the value of 5 + -10 + 5 + (-3 - 2 - 0)?
-5
What is 11 + (-9 - -10) + 5?
17
What is the value of (5 - (7 - (4 - 10))) + 1?
-7
What is -127 + 128 - (3 + -3 + 25)?
-24
What is the value of (3 + -7 - -3 - 2) + 2 + 3?
2
Calculate -34 + 2 + 25 + 4.
-3
What is 55 - 37 - (36 - -1)?
-19
What is 4 + -30 + (12 - 12 - -10)?
-16
Calculate (7 - 12 - 29) + (12 - 0).
-22
Calculate -1 + 19 + 1 + (1 - (-9 + 11)).
18
1 + -7 - (13 + -12 + 9)
-16
10 + 6 + -24 + 13 + -10
-5
What is 350 + -333 + -52 + -2?
-37
17 + -10 + (-20 - -32)
19
What is the value of (-13 - 2) + 7 + (3 - -1)?
-4
0 + (1 - -7 - (16 + -15)) + -6
1
What is (3 - 1) + (19 + -17 + -15 - -7)?
-4
What is the value of 0 + 0 + -38 + 46?
8
Calculate (-5 - -16) + -3 + (-9 - -13).
12
(46 - 54) + -3 + 18 - 7
0
Evaluate -14 + 49 + -34 - -2.
3
What is the value of 1 - 0 - (-3 + 6) - (-98 - -99)?
-3
What is 4 - 18 - ((-5 - -1) + (-4 - -8))?
-14
What is -3 + -2 + (7 - 5) - 12?
-15
Evaluate 16 - -3 - (-1 + 38 + -26).
8
(11 - 45) + (-4 - (-11 - (-2 - -3)))
-26
Calculate 7 - ((10 - 4) + 15).
-14
What is the value of (-3 - 3) + -9 + -15 + 12?
-18
What is the value of 10 - (-13 - -22 - -4)?
-3
Evaluate (3 - (-1 + 0)) + 1 + (-15 - -12).
2
Evaluate 80 + -56 - (20 + 0).
4
What is -3 - (-26 - (-26 + 13))?
10
Calculate (-1 - -3) + -6 + 3 + 6 + -2.
3
What is -5 + -3 - -8 - 9 - -9?
0
Evaluate (28 + -29 - (-9 + 1)) + -14 - -11.
4
Calculate 1 - (0 - -6 - (-8 + -8 - -37)).
16
What is the value of 8 + -9 + (6 - (-7 + 5))?
7
What is 6 + -8 + (1 - -1)?
0
What is -18 - ((-15 - (-17 - -1)) + 1 + 4)?
-24
What is the value of -5 + 24 + -8 + 5 + -3?
13
Calculate 400 + -377 - (1 + 6).
16
What is the value of -2 - (8 + 9 + (7 - 15))?
-11
Calculate -1 - -1 - (0 + -3) - (667 - 650).
-14
-160 + 163 + (2 - 1 - 23) + -3
-22
Calculate -3 + -3 + (-8 - -32) + -12.
6
3 + -3 + -11 + 0 + 34 + -1
22
3 - (-4 - -6) - 2 - (-5 - 7)
11
20 + -13 - (12 - -2)
-7
What is (2 - (-6 + -9 + 26)) + 16?
7
Evaluate -2 - -2 - -1 - (19 - 33 - -19).
-4
Calculate -5 + (-1 - (7 - 41)) + -11.
17
3 - (-4 + 2) - (14 + (0 - -6))
-15
1 + 2 - (-4 - 0 - (-43 - -35))
-1
Calculate -4 - (2 - 7) - (0 + 6) - 0.
-5
What is 32 - ((-41 - -30) + 64)?
-21
Evaluate -6 - (4 + 6 + -7 + -4 + 2).
-7
What is -10 - (-10 - -5 - -3)?
-8
What is the value of -17 + 6 + (26 - (6 + -12)) + 1?
22
Calculate -7 + (-25 - -53 - 10).
11
-1 + -2 + 8 + 6 - 20
-9
What is the value of (7 - (2 - (-1 - 3))) + -1?
0
What is the value of -2 + 9 + -4 + 1 - -9?
13
What is the value of (6 + -17 + 4 - 10) + 22?
5
Evaluate -18 - (41 - 73 - 15).
29
What is 9 + 8 - (42 + -5)?
-20
Calculate 31 - (50 + 17 + -20).
-16
What is the value of -11 + -2 + 15 + -11?
-9
What is the value of (7 - (3 - 8)) + (-9 - -17) + -10?
10
Calculate -12 + 4 - (-13 - (-25 + 15 + -1)).
-6
(-6 - (-1 - -2)) + (-3920 - -3928)
1
Calculate 348 + -358 + (0 + 0 - -5).
-5
-11 - (10 - (-10 + 53 - 2)) - -3
23
What is (-51 - -64) + 0 + 9 + 11?
33
Evaluate 1 - (53 - 43 - (2 - (2 + 1))).
-10
Calculate 13 + 5 - -4 - (16 - -5 - 27).
28
What is the value of 2 + -3 - 2 - (-18 + 26)?
-11
(-33 - -19) + 12 - -17
15
Calculate 8 - (24 - (-1 + -11 + 18)).
-10
Calculate 68 - (47 - -18) - (24 + 1 + -1).
-21
Evaluate -1 + (6 - (17 + -5)) - 8.
-15
What is (-2 + -1 - (-42 + 42)) + (-1 - 4)?
-8
Evaluate (1 - 2) + (12 - (5 + -3) - 10).
-1
-29 + 30 + 28 + -47
-18
What is -7 + 2 - -11 - 3 - -6?
9
Calculate (-1 - -20) + -9 + (16 - 10) + -2.
14
Calculate -1 + 5 + (-117 - -110) + 22.
19
Calculate 5 - (-8 - -1 - (6 + -11)) - 5.
2
What is the value of -12 + 11 + -11 + -6?
-18
Evaluate 13 - (-16 - (1 + (-4 - (13 - 8)))).
21
What is 8 + (-16 - -6) - (20 + -31)?
9
What is the value of -3 - (-5 - (-5 + 0 + (0 - -5)))?
2
What is -14 + (9 + -10 - (-32 - -21))?
-4
What is (-1 + 12 - 52) + -10 + 24?
-27
What is 3 + -1 + -7 + -11 + 13 - 5?
-8
179 + -161 - (3 + 39)
-24
Evaluate 19 + 11 + 5 - (-3 - (-6 + -1)).
31
Calculate 728 + -726 + -1 + (12 - -2) - 12.
3
What is the value of -1 - 1 - (3 - 5) - (11 + -20)?
9
-435 - -355 - (-49 - -4)
-35
(3 - (-14 - -4)) + -2
11
What is 2 - (-31 - -17) - 39?
-23
Evaluate 2 + -8 + 17 + -8 - 0.
3
What is 27 + (-16 - 13) + 24?
22
Evaluate -22 - (19 + 36 + -71).
-6
14 - -5 - (-51 + 76)
-6
What is 0 + 6 - (-365 - -365)?
6
-8 + (16 - (4 - -1 - 19))
22
What is the value of 1 + 1 + (24 - (2 + 3 + 1))?
20
Calculate -4 + 1 + -11 + 112 + -104.
-6
What is the value of -26 - (-17 - (15 + -19))?
-13
Calculate -1 + -3 + 61 + -56 + (0 - 0).
1
What is -3 - (-2 - 0) - (14 - 11)?
-4
What is (-11 - -19) + 15 + -7?
16
Calculate 9 - (-2 + -15 + 24).
2
Evaluate (19 - 16) + -11 + 9 + -4.
-3
What is the value of (0 - 15) + (387 - 351)?
21
9 - (0 - -2 - 16 - (-852 + 849))
20
Evaluate (11 - (28 - -4)) + 17.
-4
(-2 - (14 + -7)) + -2 - -6
-5
Calculate 109 + -148 - (0 + -20).
-19
What is the value of 7 - (0 + 25 + (22 - 18) + -7)?
-15
Evaluate -5 + -9 + 7 - (3 + -4 + 4).
-10
Evaluate -13 + -15 + 6 + 12.
-10
Calculate (64 - 88) + (40 - 5).
11
What is the value of 0 + (-3 - -2) + 91 + -94?
-4
What is the value of -10 - (13 - (-13 - (-2 + -16)))?
-18
What is the value of (-10 - (-1 - -1 - (-27 - -28))) + 0?
-9
Calculate 0 - (10 - 3) - (22 + -12 + -5).
-12
Evaluate 10 - -34 - (3 - -3 - 4 - -5).
37
Calculate (-6 - (-39 - -13)) + 0 + 2.
22
What is the value of (-58 - -40) + (-1 - -15)?
-4
-24 + (-8 - (29 + -83))
22
What is 28 + 25 - 26 - 8?
19
What is the value of (13 - 7) + -7 - (-10 + -2)?
11
-8 + 2 + 2 + (-5 - 2)
-11
Evaluate (-8 - (2 - 5)) + 18 + 4 + -18.
-1
-6 - (4 - 9) - (5 - -8)
-14
What is 6 - 6 - -6 - -6 - (7 - 2)?
7
What is the value of 274 + -269 - (-2 + -1) - (-1 - -28)?
-19
Evaluate 1 + 6 + -2 + -5 + (-21 - -8).
-13
Calculate (10 - 12 - 7) + 14.
5
-34 - (10 - (15 - 1)) - -5
-25
Calculate 18 + -9 - (-8 + 6).
11
Evaluate -14 + -10 - -17 - (0 - 27).
20
What is 17 + (2 - -29 - (-16 - -34))?
30
Evaluate -6 - -3 - (-3 - -2).
-2
-1 + 16 - 15 - -10
10
Evaluate 256 + -242 + 2 + 1 + -38.
-21
Evaluate -13 + 9 + -7 - -23.
12
-3 + 4 - (-1 + (-2 - -6) + -4)
2
(-9 - -1) + 15 - 8 - (3 - 9)
5
Evaluate 3 + -6 + 10 - (-3 + -12) - 5.
17
-21 + (8 - (22 - 32))
-3
Calculate 2 - -4 - (-309 - -323).
-8
2 + (0 - 0) + -32 + 39
9
Evaluate 34 + -21 + -20 - (-1 + 0 + -4).
-2
What is the value of 8 - ((-47 - -41) + (5 - -1))?
8
Evaluate 31 + -27 - (-1 + -7 + -2).
14
4 + -16 - -6 - (-5 + 13 + -1)
-13
(3 - (-9 + 4 + -3 + 18)) + -13
-20
Calculate 8 - (-13 - -22) - (2 + -18).
15
(3 - (-8 - -47)) + 48
12
3 + 2 + 3 - ((14 - 18) + -2)
14
Evaluate 79 + -73 - (13 - (-1 - (1 + -2))).
-7
What is 1 - -4 - (1 + 4 + -3 + -4)?
7
Evaluate -11 + (-2 + -6 + -1 - -31).
11
-35 + 26 + 6 + 2 + -2 + 2
-1
Calculate 1 - -8 - 40 - (0 + -12).
-19
Calculate 0 + 6 + 9 + -10 + 1 + -4.
2
Calculate 27 - (-2 - -5 - -11).
13
Calculate -10 + 5 + (1 - -12).
8
Evaluate (0 + 25 + -13 - 10) + (-3 - -8).
7
Calculate -7 - (2 - (0 + (7 - (-9 + 5)))).
2
What is the value of 1173 + -1177 + 19 + -1?
14
What is the value of -58 + (112 - 55) + -2 + (-1 - -2)?
-2
What is the value of -24 + 2 + 16 + 1 + -